+ 1?
-b3000a
In base 12, what is -200 + -196479?
-196679
In base 4, what is -103222 - -310121?
200233
In base 10, what is 3 + 97836741?
97836744
In base 4, what is 131 + 2131132033?
2131132230
In base 4, what is 11 + -1021223123012?
-1021223123001
In base 5, what is 12 - 3133113102?
-3133113040
In base 4, what is 132001203202 - -210?
132001210012
In base 2, what is 1000101011011111 + 1111?
1000101011101110
In base 7, what is 2 - 206306355?
-206306353
In base 2, what is 11000100010001 + 1001001001?
11001101011010
In base 9, what is -31848 - -542?
-31306
In base 16, what is -12019f4 - -1?
-12019f3
In base 5, what is -10100 - 1322113?
-1332213
In base 13, what is a07 - 3791?
-2a87
In base 12, what is 50aa + -4a122?
-45034
In base 4, what is -1113 - 200121330?
-200123103
In base 5, what is -1432314411 + 30?
-1432314331
In base 11, what is 3195 - -145021?
148206
In base 7, what is 15315051 - -65?
15315146
In base 14, what is 4c81 - 9c8?
4297
In base 11, what is -479987 - 67?
-479a43
In base 11, what is -2167 + -a581?
-11738
In base 11, what is 616a01a1 - 4?
616a0198
In base 6, what is 1415 - -133452?
135311
In base 6, what is 430245313 + -10?
430245303
In base 3, what is 11202 - -1221101111?
1221120020
In base 8, what is 224 - 303627?
-303403
In base 16, what is -46 - 3bc26?
-3bc6c
In base 7, what is 1 + -40425104?
-40425103
In base 15, what is 3 + -220a43?
-220a40
In base 14, what is 20 + 1c644?
1c664
In base 13, what is 5468 - 38a3?
1895
In base 6, what is -4 - 2011513504?
-2011513512
In base 14, what is 8c2a - -118c?
9db8
In base 15, what is -320b846 - 0?
-320b846
In base 11, what is 43a - 24967?
-24528
In base 16, what is -470175c + 8?
-4701754
In base 14, what is 79 + 8a260?
8a2d9
In base 14, what is 551d + 229?
5748
In base 7, what is 66 + 101535?
101634
In base 9, what is -83643 - -226?
-83416
In base 5, what is 302211034 + -100?
302210434
In base 6, what is -1514541 + -104454?
-2023435
In base 3, what is 2111200 + -2102022?
2101
In base 15, what is -a + b34c0?
b34b5
In base 6, what is -2 + -12431201105?
-12431201111
In base 4, what is 1 + 10231333330312?
10231333330313
In base 12, what is 2 - b36640?
-b3663a
In base 2, what is 10011010100 + -1011100101?
111101111
In base 13, what is -1 - 268c08?
-268c09
In base 12, what is 17987b1 - -4?
17987b5
In base 13, what is -71 + -104c3?
-10564
In base 6, what is 10030215 - -511?
10031130
In base 6, what is 432432 - 5404?
423024
In base 9, what is -51000308 + -16?
-51000325
In base 15, what is 17 + -e713?
-e6eb
In base 3, what is 200000 - 1021200222?
-1021000222
In base 16, what is c3b - -cf4?
192f
In base 9, what is -526 + -80160?
-80686
In base 12, what is b1269 + 35?
b12a2
In base 4, what is 120110131 - 22120?
120022011
In base 16, what is 520228 + -5?
520223
In base 5, what is -100301 - -140042?
34241
In base 11, what is 2299116 - 9?
2299108
In base 16, what is 54c05e2 + -2?
54c05e0
In base 12, what is 21 - -119282?
1192a3
In base 7, what is -2 + -3200000?
-3200002
In base 14, what is 6cacc83b - -5?
6cacc842
In base 16, what is 0 - 1fc8d8?
-1fc8d8
In base 14, what is 3ab17 - -4348?
41061
In base 5, what is 2034440 - 3011?
2031424
In base 13, what is 145c4 - -203?
147c7
In base 15, what is 21 + -136994a?
-1369929
In base 2, what is 11110 - 101011011110110100011?
-101011011110110000101
In base 8, what is 320 - 535015?
-534475
In base 16, what is 142192a + 16?
1421940
In base 8, what is 30510 + -3244?
25244
In base 2, what is -11001110011101000100 - 101100?
-11001110011101110000
In base 7, what is -3 + 130611553?
130611550
In base 8, what is -10505346 - 5?
-10505353
In base 13, what is 69a - -1787?
2154
In base 4, what is 1 - -3102023022011?
3102023022012
In base 6, what is 122022342 - 225?
122022113
In base 16, what is -b72b + 1d?
-b70e
In base 15, what is -db - 58960?
-58a4b
In base 16, what is -254f - -198?
-23b7
In base 3, what is -2101 + 21021120001011?
21021112221210
In base 3, what is 12002010100122 - -10201?
12002010111100
In base 6, what is -1112012 + -53?
-1112105
In base 6, what is -34202152 - -35?
-34202113
In base 15, what is -2 - -75c8d3?
75c8d1
In base 10, what is -143412004 - -5?
-143411999
In base 12, what is -407844 + 6?
-40783a
In base 7, what is -136 - 2034063?
-2034232
In base 8, what is 31 + 51257645?
51257676
In base 15, what is -1cd8c1 + 2?
-1cd8be
In base 12, what is -9758 + -305?
-9a61
In base 3, what is 11 + -11221110212220?
-11221110212202
In base 13, what is -28a - 503b?
-52c8
In base 10, what is 35806 + 2869?
38675
In base 8, what is 21 + -37630434?
-37630413
In base 4, what is -30 - -2301123111?
2301123021
In base 11, what is 154a0 - 588?
14a13
In base 3, what is -21200010221120 + 0?
-21200010221120
In base 15, what is -50 + -33bdd5?
-33be35
In base 8, what is 43365762 + -1?
43365761
In base 9, what is 24 - -25761466?
25761501
In base 6, what is 1214213 - 2530?
1211243
In base 2, what is -101 + -111010101101011101000?
-111010101101011101101
In base 6, what is 2 - -24020425210?
24020425212
In base 10, what is 10936 + 1072?
12008
In base 5, what is -1030441 - 21234?
-1102230
In base 8, what is -1 + 2371500?
2371477
In base 2, what is -11000000 + 11000101111001111101?
11000101110110111101
In base 6, what is -130153 - 123425?
-254022
In base 5, what is -202211222324 - 1?
-202211222330
In base 2, what is -11101 - 1010111010000010110011110?
-1010111010000010110111011
In base 9, what is 1240020 - -361?
1240381
In base 12, what is -30 - -2b3a6a?
2b3a3a
In base 8, what is -11 - 163241752?
-163241763
In base 16, what is 27d - -2488?
2705
In base 11, what is 2352a082 - 4?
2352a079
In base 4, what is 2011301031 + 130130?
2012031221
In base 13, what is 5 - 1ab98b7?
-1ab98b2
In base 11, what is 2 - 6a90a8?
-6a90a6
In base 3, what is -121220212222 - -11?
-121220212211
In base 16, what is 4 + -18745ced?
-18745ce9
In base 8, what is 77013 + -15047?
61744
In base 14, what is 1bb53010 + 2?
1bb53012
In base 7, what is 1604464 + -144?
1604320
In base 7, what is 4 + -2266211506?
-2266211502
In base 14, what is 146 + -15c19?
-15ab3
In base 9, what is -13014 - 768?
-13783
In base 15, what is 30d + -2c7b?
-296d
In base 9, what is -2141322 + -36?
-2141358
In base 5, what is -1444102 + -14?
-1444121
In base 12, what is -256 + -7aa61a?
-7aa874
In base 14, what is -1bc037b5 - -3?
-1bc037b2
In base 3, what is -12 + -10120100001012?
-10120100001101
In base 7, what is -155203 + 302?
-154601
In base 11, what is 40a01215 + 0?
40a01215
In base 5, what is 213 + 1021031?
1021244
In base 5, what is 3021434034242 - -3?
3021434034300
In base 13, what is 44b40 - 5?
44b38
In base 3, what is -22100 + -21201200221?
-21202000021
In base 7, what is -4032 + -463436?
-500501
In base 5, what is -141122134 - -110?
-141122024
In base 11, what is -6 - -2479448?
2479442
In base 16, what is -1 + e4cc58?
e4cc57
In base 2, what is -11010100100111010000 - 101?
-11010100100111010101
In base 14, what is -6017ac + 18?
-601794
In base 11, what is 1a34 + 1a94?
3a18
In base 11, what is -22523723 - -3?
-22523720
In base 15, what is -2a5e2b - -5?
-2a5e26
In base 12, what is 398 - 5b0?
-214
In base 6, what is -5454113 + 212?
-5453501
In base 12, what is -2 + -2715032?
-2715034
In base 4, what is -203210321103 - -202?
-203210320301
In base 16, what is -327282d8 - -5?
-327282d3
In base 16, what is 1b48e + a3f?
1becd
In base 11, what is 13 + 745444?
745457
In base 11, what is 32883a83 + 0?
32883a83
In base 11, what is -85634 - 91?
-85715
In base 4, what is 23333 + 11130013?
11220012
In base 16, what is 5f57 - -85c?
67b3
In base 14, what is 1688c81 + -3?
1688c7c
In base 12, what is 933 + 3363a?
34371
In base 10, what is -773 - -855372?
854599
In base 10, what is 16 - -28999955?
28999971
In base 14, what is 3 + -2162073d?
-2162073a
In base 13, what is -840037 - -a?
-84002a
In base 14, what is -672d078 + 1b?
-672d05b
In base 9, what is 1308488360 + 4?
1308488364
In base 6, what is 120 - 10524122?
-10524002
In base 10, what is -1387773 - 36?
-1387809
In base 4, what is -100111 + 1103201?
1003030
In base 8, what is 2 + 2356123?
2356125
In base 9, what is -5261126 + -2?
-5261128
In base 5, what is -204310030123 - 2?
-204310030130
In base 15, what is -18 - 2301c17?
-2301c30
In base 8, what is 133434 - -110232?
243666
In base 4, what is 23